ctor of 3686 and 1178.
38
Calculate the highest common factor of 3 and 199095.
3
Calculate the highest common factor of 393927 and 57.
57
What is the greatest common divisor of 124 and 3908?
4
Calculate the greatest common divisor of 114332 and 2929.
101
Calculate the greatest common divisor of 114 and 2120457.
57
What is the highest common factor of 412 and 240505?
103
What is the greatest common divisor of 51498 and 9?
9
Calculate the greatest common factor of 48979 and 980.
7
Calculate the highest common divisor of 2756899 and 331.
331
Calculate the highest common factor of 12477 and 6.
3
Calculate the greatest common factor of 11648 and 7189.
91
Calculate the greatest common factor of 15 and 1065270.
15
Calculate the greatest common divisor of 1202437 and 1.
1
Calculate the greatest common factor of 14 and 268709.
7
What is the highest common divisor of 557975 and 275?
275
Calculate the highest common divisor of 134 and 1299666.
134
Calculate the greatest common divisor of 2107 and 637.
49
What is the greatest common divisor of 369 and 7236?
9
Calculate the highest common divisor of 952 and 1712.
8
What is the highest common divisor of 19880 and 112?
56
Calculate the greatest common divisor of 134480 and 24.
8
What is the highest common factor of 10652 and 38?
2
Calculate the highest common factor of 177 and 14517.
3
Calculate the greatest common factor of 1120 and 14360.
40
Calculate the greatest common factor of 5280 and 6816.
96
Calculate the greatest common factor of 130752 and 30872.
1816
Calculate the greatest common factor of 30 and 89340.
30
What is the greatest common factor of 1078980 and 630?
210
What is the greatest common divisor of 142860 and 60?
60
What is the greatest common factor of 400248 and 12426?
654
What is the highest common divisor of 7069186 and 142?
142
Calculate the highest common factor of 18189 and 117.
9
Calculate the greatest common divisor of 10 and 294815.
5
Calculate the greatest common factor of 3168 and 97632.
288
What is the highest common factor of 4823316 and 36?
36
Calculate the highest common divisor of 19587304 and 824.
824
Calculate the greatest common divisor of 69 and 1999.
1
What is the greatest common factor of 12847 and 5887?
29
Calculate the greatest common factor of 2542 and 2337.
41
What is the greatest common divisor of 46 and 389206?
46
Calculate the highest common factor of 9002 and 425666.
1286
What is the highest common factor of 1935 and 59555?
215
Calculate the highest common divisor of 33259 and 1817.
79
What is the greatest common factor of 581 and 161?
7
Calculate the highest common divisor of 8 and 2836.
4
What is the greatest common factor of 1244 and 721831?
311
What is the highest common factor of 490 and 58030?
70
Calculate the greatest common divisor of 35 and 11935.
35
Calculate the highest common divisor of 24 and 514758.
6
What is the greatest common factor of 276496 and 11792?
176
Calculate the highest common divisor of 6 and 28646.
2
What is the greatest common divisor of 1 and 7851?
1
What is the highest common factor of 6 and 1745376?
6
What is the highest common divisor of 225318 and 94?
94
What is the greatest common divisor of 1194 and 12538791?
597
Calculate the greatest common factor of 1995 and 1339975.
665
Calculate the greatest common divisor of 436156 and 18648.
1036
Calculate the highest common divisor of 40 and 48584.
8
Calculate the highest common factor of 87232 and 235.
47
What is the highest common factor of 166556 and 78?
26
What is the highest common factor of 182004 and 696?
348
What is the greatest common factor of 5875 and 6909?
47
Calculate the greatest common factor of 830 and 6130.
10
What is the greatest common factor of 46998 and 35062?
746
Calculate the highest common divisor of 19080 and 84906.
954
Calculate the greatest common factor of 858 and 1542112.
286
Calculate the highest common divisor of 11037 and 1074834.
849
Calculate the highest common factor of 368 and 963424.
368
What is the greatest common divisor of 42587 and 37?
37
Calculate the greatest common factor of 1450 and 11658.
58
What is the greatest common divisor of 204 and 203337?
51
Calculate the highest common factor of 10608 and 20982.
78
What is the highest common factor of 110500 and 170?
170
Calculate the highest common divisor of 140840 and 4.
4
What is the greatest common factor of 1787063 and 37?
37
What is the highest common divisor of 14388 and 49268?
436
Calculate the greatest common factor of 9 and 8406.
9
What is the highest common factor of 3670 and 7595065?
1835
What is the highest common divisor of 21177 and 897?
39
What is the highest common divisor of 994 and 17906?
14
What is the highest common factor of 871 and 1625?
13
Calculate the greatest common divisor of 75 and 183075.
75
What is the greatest common factor of 18036 and 918?
54
What is the greatest common divisor of 133114 and 8246?
1178
What is the greatest common divisor of 36 and 308838?
6
Calculate the highest common divisor of 1215050 and 152.
38
What is the greatest common factor of 69692 and 798?
266
Calculate the highest common divisor of 3167719 and 271.
271
What is the greatest common divisor of 271714 and 4944?
206
What is the greatest common divisor of 385 and 725?
5
What is the highest common factor of 156 and 11388?
156
Calculate the greatest common factor of 112 and 51856.
112
What is the highest common factor of 1807372 and 476?
476
Calculate the highest common factor of 267094 and 166.
166
What is the highest common factor of 6990 and 2490?
30
Calculate the greatest common factor of 19438956 and 51.
51
What is the greatest common factor of 591955 and 182?
91
What is the greatest common factor of 25 and 1755425?
25
Calculate the highest common factor of 356256 and 1056.
96
Calculate the greatest common divisor of 1920 and 8130.
30
What is the highest common factor of 12122 and 7337?
319
Calculate the highest common factor of 1701440 and 4.
4
What is the highest common factor of 91959 and 15225?
609
What is the highest common factor of 5278 and 45066?
406
What is the greatest common divisor of 6976 and 128?
64
Calculate the greatest common divisor of 378 and 440694.
54
Calculate the highest common divisor of 720 and 25776.
144
Calculate the highest common divisor of 208461 and 66.
33
What is the highest common factor of 61074 and 3744?
234
Calculate the highest common factor of 285 and 25035.
15
Calculate the highest common factor of 1026 and 96552.
54
Calculate the highest common factor of 23805 and 2025.
45
What is the greatest common divisor of 23211 and 18?
9
What is the highest common factor of 2940 and 143790?
30
Calculate the highest common factor of 49680 and 24380.
460
What is the greatest common factor of 6386 and 12710?
62
What is the highest common factor of 144 and 873207?
9
What is the greatest common factor of 2784 and 1857624?
696
Calculate the greatest common divisor of 7520040 and 135.
135
Calculate the greatest common divisor of 133 and 180006.
19
Calculate the highest common divisor of 9677216 and 34.
34
What is the highest common divisor of 5249 and 8207?
29
Calculate the highest common divisor of 8100 and 20655.
405
What is the highest common divisor of 764 and 190618?
382
Calculate the greatest common factor of 1360 and 109004.
68
What is the highest common factor of 9 and 87273?
9
Calculate the highest common divisor of 305760 and 210.
210
What is the highest common divisor of 18177 and 83?
83
What is the highest common divisor of 585 and 25920?
45
What is the highest common divisor of 3300 and 8700?
300
Calculate the highest common factor of 3425 and 6576.
137
What is the highest common divisor of 353710 and 978?
326
What is the highest common divisor of 2301 and 32037?
177
What is the greatest common factor of 582080 and 170?
170
Calculate the highest common factor of 399651 and 49.
7
What is the highest common divisor of 54 and 30696?
6
Calculate the greatest common factor of 232 and 9976.
232
Calculate the highest common factor of 2550350 and 550.
550
Calculate the highest common divisor of 31407 and 12963.
87
Calculate the greatest common factor of 45 and 78055.
5
What is the highest common factor of 214270 and 10?
10
What is the greatest common factor